*3 + 0 - l. What is the remainder when 30 is divided by a(1)?
8
Suppose 3*m = -5*j + 115, -5*m + 2*j + 159 - 19 = 0. What is the remainder when 147 is divided by m?
27
What is the remainder when (1/((-3)/4))/((-772)/31266) is divided by 2?
0
Let y be -6*(3 - 7) - 1. Let x = -13 + y. Suppose x*d = 5*d + 50. Calculate the remainder when 28 is divided by d.
8
Suppose 4*n - 4*t + 16 = 5*n, -4*n = -t + 4. Suppose 19*o - 24*o + 170 = n. Calculate the remainder when o is divided by 10.
4
Suppose 423*u - 433*u = -470. Suppose 3*z - g = 27, -z - 4*g - 1 = -g. Let v = 2 + z. What is the remainder when u is divided by v?
7
What is the remainder when 153 is divided by 6/((-24)/124)*-1?
29
Let s(b) = -32*b - 38. What is the remainder when s(-7) is divided by 75?
36
Let j(s) = -4*s**3 + 4*s + 3. Suppose 17*h - 46 - 124 = -0. Calculate the remainder when j(-2) is divided by h.
7
Let u = -358 - -394. Calculate the remainder when 178 is divided by u.
34
Let j be (-20)/(-6)*((-8)/(-20) - 4). Calculate the remainder when (j/(-16) - (-218)/8) + -3 is divided by 13.
12
Let v = -1 + 22. Let w = 12 + -19. Let h = v + w. Calculate the remainder when h is divided by 4.
2
Let h(l) = -l - 1. Let s be h(-3). Suppose 303 = 71*p + 90. Suppose -p*m = s*m - 105. What is the remainder when m is divided by 8?
5
Let f(r) = -6*r - 22. Let p(s) = s**3 - s**2 + 5. What is the remainder when p(4) is divided by f(-6)?
11
Let s(i) = 13*i**2 - i - 3. Let d(o) = 24*o - 692. What is the remainder when s(3) is divided by d(30)?
27
Let b be -1 + (-30)/(-3 + -2). Suppose 0 = 5*y + b, 0 = -4*h - 4*y + 2*y + 82. Calculate the remainder when h is divided by 11.
10
Calculate the remainder when 285 is divided by 100/125*65/2.
25
Let k(m) = 4*m + 8. Let u(b) = -b**3 - 15*b**2 + 8*b - 21. Calculate the remainder when u(-16) is divided by k(2).
11
Let i = -201 + 278. What is the remainder when i is divided by 17?
9
Suppose 1331*v - 1333*v + 1274 = 0. Calculate the remainder when v is divided by 107.
102
Calculate the remainder when 63 is divided by 24/(7 - -1) + 3.
3
Let d(u) = -u**2 + 5*u + 56. Calculate the remainder when 255 is divided by d(8).
31
Let f(q) = 7*q - 11. What is the remainder when 5 is divided by f(2)?
2
Let o be (1 - -14)/((-3)/(-13)). Suppose -4*p = 2*w - 732, -4*w + o - 266 = -p. Calculate the remainder when p is divided by 47.
44
Suppose 0*l + 7 = l. Let z = l - 7. Let w = 26 - z. What is the remainder when 49 is divided by w?
23
Let x = -69 + 129. Let w = -33 + x. Suppose 7*r = 4*r + w. What is the remainder when 23 is divided by r?
5
Suppose 2*p = -3 + 7. Suppose 0 = 3*t + 4*l - 1 - p, 2*l - 4 = -2*t. Let o(w) = -17*w**3 + w**2 - w - 1. What is the remainder when o(-1) is divided by t?
3
Let u = -8 - -30. Let x be (-3)/(-2) + 187/u. Let s = 9 + x. Calculate the remainder when s is divided by 10.
9
Suppose -2*f - 5*d - 1 = -17, -5*f - 4*d + 57 = 0. Suppose -2*w - 32 = 2*w. Let y = f - w. What is the remainder when y is divided by 8?
5
Suppose -d + 75 = 3*s, 3*d - 2*s = 80 + 90. Suppose 7*x = x + d. Calculate the remainder when x is divided by 2.
0
Let p(w) = -w**2 - 4*w + 3. Let x = 19 - 22. Let b be p(x). Suppose -3*u + b*u = 105. Calculate the remainder when u is divided by 19.
16
Let x(g) = 16*g**2 - 2*g + 1. Suppose 14 = 3*v - 2*v. Calculate the remainder when (-582)/(-14) - (-6)/v is divided by x(1).
12
Let l = -80 - -82. Suppose 5*v - 132 = n - 22, l*v + 3*n = 27. What is the remainder when v is divided by 5?
1
Let j = 215 + -116. Calculate the remainder when j is divided by 34.
31
Let g(u) = 16*u - 12. Let p be g(6). Let c = 143 - p. What is the remainder when c is divided by 15?
14
Let t(p) = 3*p**3 - 4*p**2 + 6*p - 4. Let w(h) = -h - 14. Let b be w(-17). Calculate the remainder when t(b) is divided by 22.
15
Let f be (-1)/3 + (-14)/(-42). What is the remainder when 71 is divided by -24*(f - 9/12)?
17
Suppose 211 = 5*h + n + 41, 145 = 5*h - 4*n. What is the remainder when h is divided by 15?
3
Let u(a) = -2*a - 4. Let z = -20 - -16. What is the remainder when (-5)/((-2)/(-8)*-2) is divided by u(z)?
2
Suppose 3*j + 4*b - 482 = 0, 0 = 13*j - 10*j + 2*b - 490. Calculate the remainder when 678 is divided by j.
14
Suppose -3*h - 37 = -256. Let b = h + -43. Calculate the remainder when b is divided by 8.
6
Suppose 3777 = 33*q + 1038. Calculate the remainder when q is divided by 8.
3
Let y = -53 - -79. Let h = 51 - y. What is the remainder when h is divided by 16?
9
Suppose -3*w + t = -3, 4*w + 12 = 2*w - 4*t. Suppose w*v = 5*v - 170. What is the remainder when v is divided by 5?
4
Let f(w) = 5*w - 11. Let t be f(-14). Let m = 143 + t. Calculate the remainder when m is divided by (-41 - -38) + -19*(-2)/2.
14
Suppose -g = 5*h - 139, 4*h - 117 = -0*h + 5*g. Suppose 3 + 5 = t. Let s = t + 74. What is the remainder when s is divided by h?
26
Let q = 1350 - 1277. Let v(o) be the third derivative of 4*o**5/15 - o**4/24 - o**2. Calculate the remainder when q is divided by v(1).
13
Let q be (-4)/(-10) - 52/(-20). Let z = -9 - -16. What is the remainder when 3*(8/3 + q) is divided by z?
3
What is the remainder when 197 is divided by (82/5)/(18/45)?
33
Suppose 0 = 6*w - 104 - 16. Let c = w + 31. Calculate the remainder when c is divided by 26.
25
Let c be (1/(-3))/((-6)/90). Suppose 3*t - c*m = 10, 5*t - m - 58 = -3*m. What is the remainder when 46 is divided by t?
6
Suppose 10 = -3*f + 37. Suppose 0 = -2*s + 2*n + 54, 16*s = 18*s + 5*n - 89. Calculate the remainder when s is divided by f.
5
Let d = 1233 + -1227. What is the remainder when 976 is divided by d?
4
Suppose -5*m - 5*p - 101 = -551, 0 = 5*p. Let b(j) = -j**2 + 31. What is the remainder when m is divided by b(0)?
28
Suppose -2*v + 4 = t + 1, 5*t - 30 = -5*v. Let a(l) = -l**3 + 10*l**2 - 7*l - 12. Let q(x) = -3*x + 30. What is the remainder when a(t) is divided by q(9)?
0
Let w be (-84)/(-18)*3/2. Suppose 0 = -0*k + w*k - 182. Calculate the remainder when 77 is divided by k.
25
Suppose g - 272 = -5*c + 257, -c + 101 = -g. Calculate the remainder when c is divided by 37.
31
Let i(u) = u**3 + 15*u**2 - 16*u + 5. Let x be i(-16). Suppose -q + 5*w = 4*q - 55, -3*w + 95 = x*q. Calculate the remainder when q is divided by 9.
7
Let j(o) = -o**2 + 6*o + 42. Let a be j(10). Calculate the remainder when (-1 + 51)*4/10 is divided by a + -1 + 8/(-12)*-15.
9
Suppose -2*d + 3*y = -248, -91 + 609 = 4*d + 5*y. Calculate the remainder when d is divided by 35.
22
Let f be (-615)/(-8) + 19/152. Suppose 39 - f = -2*p. What is the remainder when (2/(-4))/((-1)/74) is divided by p?
18
Suppose x - 15 = 6*x. What is the remainder when (-2)/(1/(x/2)) is divided by (-18)/9 + (11 - 7)?
1
Suppose -3*m - m = -112. Let x = 4 + 2. Calculate the remainder when m is divided by x.
4
Suppose -2*j + 2 - 4 = 0, -47 = -3*z - j. Calculate the remainder when 429 is divided by z.
13
Suppose -2*f - 3*b = -65, -b - 71 = -2*f - 2*b. Suppose 2*t = -6, -9 = z + 3*t - 0. Suppose l - 4 - 9 = z. Calculate the remainder when f is divided by l.
11
Let r = 9 + -7. Let f(v) = -v**3 - 4*v**2 - 2*v + 4. Suppose -h + 3*h + 6 = 0. Calculate the remainder when r is divided by f(h).
0
Suppose 5*s = 30 + 90. Suppose 4*b - i - 100 + s = 0, 2*i + 98 = 5*b. Suppose 156 = 5*z - 194. Calculate the remainder when z is divided by b.
16
Suppose 0*a - 2*o + 28 = -2*a, 4*a = 5*o - 58. Calculate the remainder when (-1)/a*-3*-188 is divided by 16.
15
What is the remainder when 247 is divided by 424/10 + 138/30 + -4?
32
Suppose 0 = -3*v - g + 184, -v + 290 = 4*v + 5*g. Suppose -2*o - 33 = 3*b - 5*o, -b - 4*o = -14. What is the remainder when v is divided by 4/b - 200/(-12)?
15
Let n(m) = -m**2 + 5*m - 1. Let s be n(7). Let c(r) = 11*r + 6. Let j be c(-6). What is the remainder when 37 is divided by s/j + (-51)/(-4)?
11
Let r be (-9)/7 + 2/7. What is the remainder when 208/16 - (5 + -3) is divided by 6 + (-1 - -1 - r)?
4
Suppose -2*w + 3*w - 17 = 0. Let c(u) = -7*u**2 + 3*u + 9. Let f be c(-4). Let j = -66 - f. Calculate the remainder when j is divided by w.
15
Suppose 4*z = 2*h - h + 8, -2*h = -4*z + 16. Let j = h - -52. Suppose -2*x + 0*x = -4*c + 74, -j = -4*c - 4*x. Calculate the remainder when 62 is divided by c.
14
Let f(y) = -8*y - 19. Suppose 5*s - 25 = 0, v + 12*s - 21 = 7*s. Calcula